{"id":1966,"date":"2019-05-14T14:23:58","date_gmt":"2019-05-14T12:23:58","guid":{"rendered":"https:\/\/procapgrischun.ch\/event\/oper-auf-der-waldbuehne-arosa-copy\/"},"modified":"2019-05-14T14:39:30","modified_gmt":"2019-05-14T12:39:30","slug":"oper-auf-der-waldbuehne-arosa-copy","status":"publish","type":"tribe_events","link":"https:\/\/procapgrischun.ch\/RO\/event\/oper-auf-der-waldbuehne-arosa-copy\/","title":{"rendered":"(Deutsch) Oper auf der Waldb\u00fchne Arosa am Sonntag, 28. Juli 2019"},"content":{"rendered":"<p>Oper auf der Waldb\u00fchne Arosa<br \/>\nSonntag, 28. Juli 2019<\/p>\n<p>\u00abDer Blitz\u00bb von Jacques Fromental Hal\u00e9vy<\/p>\n<p>Diese Oper in drei Akten ist eine kom\u00f6diantische Geschichte um Liebe, Vertrauen und Gl\u00fcck. Die Zuschauer werden in die wundersch\u00f6ne Welt der Oper entf\u00fchrt \u2013 dies im speziellen Ambiente der Waldb\u00fchne in Arosa.<\/p>\n<p>Die beiden Schwestern Henriette und Mme Darbel erben zusammen mit Cousin George das gesamte Verm\u00f6gen des gerade verstorbenen Erbonkels. Es gibt aber eine Bedingung: George muss innert drei Wochen eine der beiden Schwestern heiraten. An der Geschichte beteiligt ist auch Lionel, der von Henriette gerettet wurde, als ein Blitz sein kleines Ruderboot traf und es versenkte. Durch das Licht des Blitzes erblindete Lionel.<br \/>\nLionel beklagt sein Leid und hadert mit dem Schicksal. Henriette hat sich inzwischen in ihn verliebt und die beiden singen das Duett \u00abAch wie mein Herz Wonne durchlebt\u00bb. Lionel muss f\u00fcr eine \u00e4rztliche Behandlung in die Stadt und kommt sehend wieder zur\u00fcck. Er will sich f\u00fcr die Rettung bedanken und h\u00e4lt Mme Darbel f\u00fcr seine Geliebte. Henriette h\u00f6rt dies und flieht.<br \/>\nEndlich bemerkt Lionel seinen Irrtum. Henriette kehrt zur\u00fcck, sie verzeiht Lionel und gesteht ihm ihre Liebe. Gleichzeitig nimmt Mme Darbel den Heiratsantrag ihres Cousins George an. Unter Jubel \u00fcber den gl\u00fccklichen Ausgang f\u00e4llt der Vorhang.<\/p>\n<p>Bild: Waldb\u00fchne Kathrin Hottinger.jpg Foto: zVg<\/p>\n<p>Wichtig: Der Anlass ist auch f\u00fcr Personen im Rollstuhl geeignet.<\/p>\n<p>Kleidung: Die Waldb\u00fchne ist zwar windgesch\u00fctzt, trotzdem werden warme Kleidung und Regenschutz empfohlen. Das Ben\u00fctzen von Schirmen ist auf der Waldb\u00fchne nicht erlaubt.<\/p>\n<p>Wetter: Bei schlechter Witterung findet die Vorstellung im Hotel statt.<\/p>\n<p>Separate Box:<\/p>\n<p>Programm Oper auf der Waldb\u00fchne Arosa:<br \/>\n10.50 Uhr Besammlung Bahnhofplatz<br \/>\n11.08 Uhr Abfahrt Arosabahn, Bahnhof Chur<br \/>\n12.09 Uhr Ankunft in Arosa<br \/>\n13.00 Uhr Mittagessen<br \/>\n14.30 Uhr bei guter Witterung Spaziergang zur Waldb\u00fchne<br \/>\nbei schlechter Witterung findet die Auff\u00fchrung im Hotel statt.<br \/>\n15.00 Uhr Vorstellungsbeginn Waldb\u00fchne<br \/>\n17:00 Uhr Ende der Oper<br \/>\n17.48 Uhr Fahrt mit der Arosabahn nach Chur, Getr\u00e4nk f\u00fcr die Heimfahrt<br \/>\n18.51 Uhr Ankunft in Chur, individuelle Heimreise<\/p>\n<p>Kosten*: Aktivmitglieder: Fr. 20.\u2013; Solidarmitglieder: Fr. 40.\u2013; Nichtmitglieder, Kinder: Fr. 40.\u2013 ; Nichtmitglieder, Erwachsene: Fr. 80.\u2013<\/p>\n<p>*Im Unkostenbeitrag sind das Ticket inkl. Bahnbillett Chur\u2013Arosa sowie das gemeinsame Mittagessen und ein Getr\u00e4nk auf der Heimfahrt inbegriffen. Anmeldung und weitere Infos: bis 19. Juli 2019 bei der Gesch\u00e4ftsstelle von Procap Grischun oder www.procapgrischun.ch.<\/p>","protected":false},"excerpt":{"rendered":"<p>Oper auf der Waldb\u00fchne Arosa Sonntag, 28. Juli 2019 \u00abDer Blitz\u00bb von Jacques Fromental Hal\u00e9vy Diese Oper in drei Akten ist eine kom\u00f6diantische Geschichte um Liebe, Vertrauen und Gl\u00fcck. Die&#8230;  <a class=\"excerpt-read-more\" href=\"https:\/\/procapgrischun.ch\/RO\/event\/oper-auf-der-waldbuehne-arosa-copy\/\" title=\"Read (Deutsch) Oper auf der Waldb\u00fchne Arosa am Sonntag, 28. Juli 2019\">Cite\u0219te mai mult &raquo;<\/a><\/p>\n","protected":false},"author":2,"featured_media":1967,"template":"","meta":{"_acf_changed":false,"_tribe_events_status":"","_tribe_events_status_reason":"","footnotes":""},"tags":[],"tribe_events_cat":[24,28],"class_list":["post-1966","tribe_events","type-tribe_events","status-publish","has-post-thumbnail","hentry","tribe_events_cat-ausfluege","tribe_events_cat-veranstaltungen","cat_ausfluege","cat_veranstaltungen"],"acf":[],"aioseo_notices":[],"_links":{"self":[{"href":"https:\/\/procapgrischun.ch\/RO\/wp-json\/wp\/v2\/tribe_events\/1966","targetHints":{"allow":["GET"]}}],"collection":[{"href":"https:\/\/procapgrischun.ch\/RO\/wp-json\/wp\/v2\/tribe_events"}],"about":[{"href":"https:\/\/procapgrischun.ch\/RO\/wp-json\/wp\/v2\/types\/tribe_events"}],"author":[{"embeddable":true,"href":"https:\/\/procapgrischun.ch\/RO\/wp-json\/wp\/v2\/users\/2"}],"version-history":[{"count":2,"href":"https:\/\/procapgrischun.ch\/RO\/wp-json\/wp\/v2\/tribe_events\/1966\/revisions"}],"predecessor-version":[{"id":1969,"href":"https:\/\/procapgrischun.ch\/RO\/wp-json\/wp\/v2\/tribe_events\/1966\/revisions\/1969"}],"wp:featuredmedia":[{"embeddable":true,"href":"https:\/\/procapgrischun.ch\/RO\/wp-json\/wp\/v2\/media\/1967"}],"wp:attachment":[{"href":"https:\/\/procapgrischun.ch\/RO\/wp-json\/wp\/v2\/media?parent=1966"}],"wp:term":[{"taxonomy":"post_tag","embeddable":true,"href":"https:\/\/procapgrischun.ch\/RO\/wp-json\/wp\/v2\/tags?post=1966"},{"taxonomy":"tribe_events_cat","embeddable":true,"href":"https:\/\/procapgrischun.ch\/RO\/wp-json\/wp\/v2\/tribe_events_cat?post=1966"}],"curies":[{"name":"wp","href":"https:\/\/api.w.org\/{rel}","templated":true}]}}

(Deutsch) Oper auf der Waldbühne Arosa am Sonntag, 28. Juli 2019

<p>Oper auf der Waldbühne Arosa<br />
Sonntag, 28. Juli 2019</p>
<p>«Der Blitz» von Jacques Fromental Halévy</p>
<p>Diese Oper in drei Akten ist eine komödiantische Geschichte um Liebe, Vertrauen und Glück. Die Zuschauer werden in die wunderschöne Welt der Oper entführt – dies im speziellen Ambiente der Waldbühne in Arosa.</p>
<p>Die beiden Schwestern Henriette und Mme Darbel erben zusammen mit Cousin George das gesamte Vermögen des gerade verstorbenen Erbonkels. Es gibt aber eine Bedingung: George muss innert drei Wochen eine der beiden Schwestern heiraten. An der Geschichte beteiligt ist auch Lionel, der von Henriette gerettet wurde, als ein Blitz sein kleines Ruderboot traf und es versenkte. Durch das Licht des Blitzes erblindete Lionel.<br />
Lionel beklagt sein Leid und hadert mit dem Schicksal. Henriette hat sich inzwischen in ihn verliebt und die beiden singen das Duett «Ach wie mein Herz Wonne durchlebt». Lionel muss für eine ärztliche Behandlung in die Stadt und kommt sehend wieder zurück. Er will sich für die Rettung bedanken und hält Mme Darbel für seine Geliebte. Henriette hört dies und flieht.<br />
Endlich bemerkt Lionel seinen Irrtum. Henriette kehrt zurück, sie verzeiht Lionel und gesteht ihm ihre Liebe. Gleichzeitig nimmt Mme Darbel den Heiratsantrag ihres Cousins George an. Unter Jubel über den glücklichen Ausgang fällt der Vorhang.</p>
<p>Bild: Waldbühne Kathrin Hottinger.jpg Foto: zVg</p>
<p>Wichtig: Der Anlass ist auch für Personen im Rollstuhl geeignet.</p>
<p>Kleidung: Die Waldbühne ist zwar windgeschützt, trotzdem werden warme Kleidung und Regenschutz empfohlen. Das Benützen von Schirmen ist auf der Waldbühne nicht erlaubt.</p>
<p>Wetter: Bei schlechter Witterung findet die Vorstellung im Hotel statt.</p>
<p>Separate Box:</p>
<p>Programm Oper auf der Waldbühne Arosa:<br />
10.50 Uhr Besammlung Bahnhofplatz<br />
11.08 Uhr Abfahrt Arosabahn, Bahnhof Chur<br />
12.09 Uhr Ankunft in Arosa<br />
13.00 Uhr Mittagessen<br />
14.30 Uhr bei guter Witterung Spaziergang zur Waldbühne<br />
bei schlechter Witterung findet die Aufführung im Hotel statt.<br />
15.00 Uhr Vorstellungsbeginn Waldbühne<br />
17:00 Uhr Ende der Oper<br />
17.48 Uhr Fahrt mit der Arosabahn nach Chur, Getränk für die Heimfahrt<br />
18.51 Uhr Ankunft in Chur, individuelle Heimreise</p>
<p>Kosten*: Aktivmitglieder: Fr. 20.–; Solidarmitglieder: Fr. 40.–; Nichtmitglieder, Kinder: Fr. 40.– ; Nichtmitglieder, Erwachsene: Fr. 80.–</p>
<p>*Im Unkostenbeitrag sind das Ticket inkl. Bahnbillett Chur–Arosa sowie das gemeinsame Mittagessen und ein Getränk auf der Heimfahrt inbegriffen. Anmeldung und weitere Infos: bis 19. Juli 2019 bei der Geschäftsstelle von Procap Grischun oder www.procapgrischun.ch.</p>

<p>Oper auf der Waldbühne Arosa Sonntag, 28. Juli 2019 «Der Blitz» von Jacques Fromental Halévy Diese Oper in drei Akten ist eine komödiantische Geschichte um Liebe, Vertrauen und Glück. Die&#8230;  <a class="excerpt-read-more" href="https://procapgrischun.ch/RO/event/oper-auf-der-waldbuehne-arosa-copy/" title="Read (Deutsch) Oper auf der Waldbühne Arosa am Sonntag, 28. Juli 2019">Citește mai mult &raquo;</a></p>
