{"id":1981,"date":"2019-05-14T14:54:33","date_gmt":"2019-05-14T12:54:33","guid":{"rendered":"https:\/\/procapgrischun.ch\/event\/kastanienfestival-vicosoprano-bergell-copy\/"},"modified":"2019-05-14T15:19:03","modified_gmt":"2019-05-14T13:19:03","slug":"kastanienfestival-vicosoprano-bergell-copy","status":"publish","type":"tribe_events","link":"https:\/\/procapgrischun.ch\/RO\/event\/kastanienfestival-vicosoprano-bergell-copy\/","title":{"rendered":"(Deutsch) Sommerausflug Region S\u00fcdb\u00fcnden: Besuch der Bio-Kr\u00e4uter Raselli in Le Prese"},"content":{"rendered":"<p class=\"qtranxs-available-languages-message qtranxs-available-languages-message-RO\">Questa contribuziun \u00e8 disponibla per tudestg.<\/p>","protected":false},"excerpt":{"rendered":"<p>Questa contribuziun \u00e8 disponibla per tudestg.<\/p>\n","protected":false},"author":2,"featured_media":1982,"template":"","meta":{"_acf_changed":false,"_tribe_events_status":"","_tribe_events_status_reason":"","footnotes":""},"tags":[],"tribe_events_cat":[],"class_list":["post-1981","tribe_events","type-tribe_events","status-publish","has-post-thumbnail","hentry"],"acf":[],"aioseo_notices":[],"_links":{"self":[{"href":"https:\/\/procapgrischun.ch\/RO\/wp-json\/wp\/v2\/tribe_events\/1981","targetHints":{"allow":["GET"]}}],"collection":[{"href":"https:\/\/procapgrischun.ch\/RO\/wp-json\/wp\/v2\/tribe_events"}],"about":[{"href":"https:\/\/procapgrischun.ch\/RO\/wp-json\/wp\/v2\/types\/tribe_events"}],"author":[{"embeddable":true,"href":"https:\/\/procapgrischun.ch\/RO\/wp-json\/wp\/v2\/users\/2"}],"version-history":[{"count":2,"href":"https:\/\/procapgrischun.ch\/RO\/wp-json\/wp\/v2\/tribe_events\/1981\/revisions"}],"predecessor-version":[{"id":1985,"href":"https:\/\/procapgrischun.ch\/RO\/wp-json\/wp\/v2\/tribe_events\/1981\/revisions\/1985"}],"wp:featuredmedia":[{"embeddable":true,"href":"https:\/\/procapgrischun.ch\/RO\/wp-json\/wp\/v2\/media\/1982"}],"wp:attachment":[{"href":"https:\/\/procapgrischun.ch\/RO\/wp-json\/wp\/v2\/media?parent=1981"}],"wp:term":[{"taxonomy":"post_tag","embeddable":true,"href":"https:\/\/procapgrischun.ch\/RO\/wp-json\/wp\/v2\/tags?post=1981"},{"taxonomy":"tribe_events_cat","embeddable":true,"href":"https:\/\/procapgrischun.ch\/RO\/wp-json\/wp\/v2\/tribe_events_cat?post=1981"}],"curies":[{"name":"wp","href":"https:\/\/api.w.org\/{rel}","templated":true}]}}

(Deutsch) Sommerausflug Region Südbünden: Besuch der Bio-Kräuter Raselli in Le Prese

<p class="qtranxs-available-languages-message qtranxs-available-languages-message-RO">Questa contribuziun è disponibla per tudestg.</p>

<p>Questa contribuziun è disponibla per tudestg.</p>
